he remainder when 64 is divided by x(1)?
27
Let f(d) = -2*d**3 + 78*d**2 - 114*d + 38. What is the remainder when f(37) is divided by 118?
116
Let f be -2 - (1 + -5 - 64). Suppose -65*y + f*y - 27 = 0. Calculate the remainder when 51 is divided by y.
24
Suppose -y - 138 = -3*s, -14*y = 3*s - 13*y - 144. Calculate the remainder when s is divided by 12.
11
Calculate the remainder when ((-52)/156)/(2/(-360)) is divided by (21/4)/((-5)/(-20)).
18
Suppose -2*m + 11 = -7. Suppose m*f - 36 = 3*f. What is the remainder when (-80)/(-6) - (-4)/f is divided by 5?
4
Let z = -8 + 10. Suppose -5*u - 4*f = -393, -z*u + 3*u - 69 = 4*f. Calculate the remainder when u is divided by 13.
12
Suppose 0 = -4*x - 52*f + 53*f + 83, -3*f + 59 = 2*x. What is the remainder when 77 is divided by x?
11
Let k = 280 + -226. What is the remainder when k is divided by 19?
16
Let l = -11 + 15. Let i = l + -4. Suppose -8 = 4*y, i = -5*b - 5*y + 19 + 16. What is the remainder when 34 is divided by b?
7
Let p be 5 - (-16)/(-3) - (-214)/(-6). Let r = 47 + p. Calculate the remainder when r is divided by 7.
4
Suppose 7*y = 208 - 12. Calculate the remainder when 307 is divided by y.
27
Suppose 15*f - 22*f + 1022 = 0. What is the remainder when f is divided by 34?
10
Let k(h) = -h**2 - 13*h - 42. Let u be k(-12). What is the remainder when 0 - 19/(-5) - 6/u is divided by 2?
0
Suppose 0 = -3*w + 121 + 29. Calculate the remainder when w is divided by (2/(-4))/((-2)/52).
11
Suppose 15*p = 694 + 506. Calculate the remainder when 397 is divided by p.
77
Suppose -4 = 2*c + 6. What is the remainder when 126 is divided by 1 + 0 - -5*(8 + c)?
14
Let v(h) = -3*h**2 - 4*h + 9. Let u(m) = -9*m**2 - 11*m + 28. Let b = -17 + 10. Let t(s) = b*v(s) + 2*u(s). Calculate the remainder when t(-6) is divided by 17.
14
Let l = 35 - 49. Let q(n) = n**3 + 14*n**2 + n + 20. What is the remainder when q(l) is divided by 4?
2
Let z(k) = 2*k**3 - 2*k**2 - 2*k + 3. Suppose -5*b + 12 = -2*b. Let i be 0 + b + (-4 - -2). Calculate the remainder when 18 is divided by z(i).
4
Suppose -5*h + 29 = 9. Suppose q + 0*q = -4. Calculate the remainder when 10/(-4)*(q + 2) is divided by h.
1
What is the remainder when 135 is divided by (-27)/(-12) + 7 + 3/4?
5
Suppose n = 3*q + 3*n - 8, 0 = 4*q + n - 9. Suppose 5*c - q*c = 33. What is the remainder when c is divided by 2?
1
Let h(n) = -50*n - 33. Calculate the remainder when 198 is divided by h(-2).
64
Let s = -39 + 106. Let n be (1 + 0)*30/5. Calculate the remainder when s is divided by (23 - n)/(2/2).
16
Suppose 266 = 4*o + 3*p - 78, -3*o - 5*p + 247 = 0. What is the remainder when o is divided by 11?
1
Suppose -2*a + a = -7. Suppose 0 = -4*o - 5*k + 59, -k = -3*o + 2*k + 51. Let m = -5 + o. Calculate the remainder when m is divided by a.
4
Suppose -165*p = -161*p - 12, -4*q + 322 = 2*p. What is the remainder when 630 is divided by q?
77
Suppose -y = -0*y - 19. Let a(x) = -x**2 + x + 1. Let r(s) = 4*s**2 + 6*s + 4. Let p(h) = 3*a(h) + r(h). Calculate the remainder when y is divided by p(-9).
5
Suppose -3*b = 2*f + 2*b + 10, -2*b = 8. Suppose 7*q = 6*q + f. Suppose -5*j + q*s - 37 = -137, 0 = 2*j - s - 37. What is the remainder when j is divided by 5?
2
Suppose 38*s = 35*s - 12. What is the remainder when (-3 + (-21)/2)*s is divided by 11?
10
Suppose 0 = 4*l - 4*o - 130 + 30, 2*o - 100 = -4*l. Calculate the remainder when 52 is divided by l.
2
Suppose -89*p = -87*p - 750. What is the remainder when p is divided by 42?
39
Suppose 46 = 4*c + 5*n - 5, 3*c + 4*n - 39 = 0. Let g = 5 - 2. Suppose -g*a + 80 = -25. What is the remainder when a is divided by c?
8
Let t(m) = -2*m + 81. What is the remainder when (-662)/(-14) - (-6)/(-21) is divided by t(28)?
22
Calculate the remainder when (3 - 6/4)/((-57)/(-4370)) is divided by 40.
35
Suppose -2*y - 21 = 4*i - i, -y - i - 8 = 0. What is the remainder when 53 is divided by (-3)/(y/(-14))*-1?
11
Suppose -3*q - 2*q + 1000 = 0. Let a = -345 + q. Calculate the remainder when (a/20)/(2/(-8)) is divided by 10.
9
Suppose -s + 8 = -32. Calculate the remainder when 97 is divided by s.
17
Let s = 292 + -246. Calculate the remainder when 90 is divided by s.
44
Suppose 1120 = 7*y + 13*y. What is the remainder when y is divided by 20?
16
Suppose 13*k - 11*k - 45 = 5*u, 2*k - u - 33 = 0. What is the remainder when 89 is divided by k?
14
Let j(o) = -o**2 - o + 4. Let f be j(-3). Let h = 8 - f. Suppose 2*g - 3*g - 5*n + 33 = 0, 2*g + 4*n = 72. Calculate the remainder when g is divided by h.
8
Let p = 45 + -21. Suppose -5*w + 1 = -p. What is the remainder when 15 is divided by w?
0
Suppose -7*p + 848 = -3*p + t, 5*p - 1063 = -2*t. What is the remainder when p is divided by 88?
35
Let p(j) = -j**3 + 41*j**2 - 16*j - 214. Calculate the remainder when p(40) is divided by 11.
9
Let q = 742 + -681. What is the remainder when q is divided by 23 - (1 - (-1 - -1))?
17
Suppose -104*q + 20 = -102*q. Calculate the remainder when 98 is divided by q.
8
Let u(q) = -54*q. Let y be u(-1). Let j = y + 5. Calculate the remainder when j is divided by 20.
19
Suppose -1340 = 32*l - 52*l. Calculate the remainder when 401 is divided by l.
66
Let a(i) = -7*i + 5. Suppose -4*p + 4*m = 32, -p - m + 11 = -3*p. What is the remainder when 127 is divided by a(p)?
23
Suppose -x = -2*l - 10, 5*l = -5*x + 3*x - 16. Suppose -x*m + 3*m = 38. Let n(f) = -f**2 + 9*f - 10. Calculate the remainder when m is divided by n(5).
8
Let y(i) = 6*i**2 - 5*i + 1. Let j(m) = m**3 - 2*m**2 - 2*m + 1. Let c be j(3). Calculate the remainder when y(c) is divided by (92/(-46))/((-1)/10).
17
Let l = 27 + -2. Suppose 270 - 920 = -10*t. Calculate the remainder when t is divided by l.
15
Suppose -2*z + 82 = -4*x, -9*x = z - 7*x - 29. Calculate the remainder when z is divided by 13.
9
Let c = -24 - -22. Calculate the remainder when 77 is divided by 255/25 + c/10.
7
Let a be ((-86)/(-3))/1*(18 - 15). Suppose -a - 18 = -8*j. What is the remainder when j is divided by 1/(-5) - 78/(-15)?
3
Let z = 104 - 101. What is the remainder when 16 is divided by z?
1
Let i(o) = 5*o**2 - 38*o + 4. Let u = -107 + 185. What is the remainder when u is divided by i(8)?
18
Suppose -3*p + 2*j + 296 = 0, 2*p - 174 = -3*j + 32. Suppose 37*g - 33*g = p. What is the remainder when 98 is divided by g?
23
Let a(f) = 7*f - 11. Let u = 1 - -4. Let s be a(u). Suppose v = -2*z - 4, -5*z - s = -0*v - v. Calculate the remainder when 10 is divided by v.
2
Let w be ((-472)/(-6))/((-10)/(-15)). Let q = w - -37. Suppose 0 = 4*t - 599 + q. What is the remainder when t is divided by 28?
27
Suppose a - 5*a + 3*n + 4 = 0, -5*a + 5*n = -5. Let o(q) = -q - 6*q**3 + 8*q**3 + 8*q**2 - q**3 - a. Calculate the remainder when 27 is divided by o(-8).
6
Let m = -47 - -53. Suppose m*g - 105 = g. What is the remainder when g is divided by (1*-4)/(1/(-3))?
9
Suppose 209*g = 201*g + 2096. Calculate the remainder when g is divided by 24.
22
Let g = 194 + -88. Calculate the remainder when g is divided by 31.
13
Suppose -4*o = -18 - 38. Let y = o - 11. Suppose -2*a + 207 = 5*l - a, 0 = y*a - 6. What is the remainder when l is divided by 11?
8
Suppose -5*m = -w - 62, -2*w - 15 = -4*m + 31. Let c = -59 + 63. What is the remainder when m is divided by c?
1
Let r = -19 - -132. Let l(f) = -f**2 + 111*f - 699. What is the remainder when r is divided by l(7)?
26
What is the remainder when 6924/33 - (-7 - 225/(-33)) is divided by 62?
24
Let b be (2 - (-27)/(-12)) + 3/(-4). Calculate the remainder when b/2 + (-3)/6 + 34 is divided by 7.
5
Suppose y - 55 = -2*k, -2*y + 6*y = -2*k + 190. Calculate the remainder when y is divided by 40.
5
Let g = -300 + 310. What is the remainder when 108 is divided by g?
8
Let r = -6 - 2. Calculate the remainder when 71 is divided by (-642)/(-27) - r/36.
23
Suppose 2*i - 4*i = 4*u - 12, -3*i + 3 = u. Suppose -5*n + 5*j - 3*j + 83 = 0, u*n + j = 52. What is the remainder when 169 is divided by n?
16
Let b(t) = -t**2 + 5*t + 16. Let r be b(7). Suppose 0 = -r*g - q + 58, -3*g - 5*q + q + 87 = 0. Calculate the remainder when g is divided by 16.
13
Let p(d) = 2*d**2 - 3*d - 5. Calculate the remainder when p(-6) is divided by (-1000)/(-45) - (-12)/(-54).
19
Let o = -160 + 173. Let l(u) = -u**3 - 10*u**2 + 10*u - 9. Let q be l(-11). Suppose -10 = 